s the thousands digit of 347450?
7
What is the ten thousands digit of 12756763?
5
What is the tens digit of 282086?
8
What is the ten thousands digit of 109320?
0
What is the tens digit of 104992?
9
What is the millions digit of 1317624?
1
What is the ten millions digit of 10721253?
1
What is the tens digit of 165314?
1
What is the hundred thousands digit of 774871?
7
What is the thousands digit of 4913650?
3
What is the hundred thousands digit of 194081?
1
What is the thousands digit of 36613490?
3
What is the tens digit of 8310?
1
What is the units digit of 2949119?
9
What is the hundreds digit of 107367?
3
What is the units digit of 328461?
1
What is the ten thousands digit of 20078666?
7
What is the hundreds digit of 47305?
3
What is the tens digit of 12849917?
1
What is the tens digit of 417453?
5
What is the thousands digit of 659318?
9
What is the units digit of 304016?
6
What is the hundreds digit of 597029?
0
What is the tens digit of 13378621?
2
What is the hundreds digit of 214778?
7
What is the units digit of 191955?
5
What is the tens digit of 4252640?
4
What is the units digit of 5788770?
0
What is the thousands digit of 50114?
0
What is the hundred thousands digit of 18264772?
2
What is the hundreds digit of 14658228?
2
What is the units digit of 387992?
2
What is the hundred thousands digit of 310164?
3
What is the tens digit of 4990048?
4
What is the tens digit of 463196?
9
What is the units digit of 2201946?
6
What is the ten thousands digit of 639474?
3
What is the hundred thousands digit of 227038?
2
What is the hundred thousands digit of 730256?
7
What is the hundred thousands digit of 361186?
3
What is the thousands digit of 24139174?
9
What is the hundreds digit of 2525967?
9
What is the ten thousands digit of 1529573?
2
What is the units digit of 2198547?
7
What is the hundreds digit of 2185966?
9
What is the tens digit of 9097431?
3
What is the tens digit of 45736?
3
What is the tens digit of 25963148?
4
What is the hundred thousands digit of 17679148?
6
What is the units digit of 156822?
2
What is the thousands digit of 2464177?
4
What is the hundreds digit of 1153677?
6
What is the millions digit of 1232262?
1
What is the hundreds digit of 9303301?
3
What is the units digit of 201524?
4
What is the hundreds digit of 463798?
7
What is the tens digit of 162601?
0
What is the units digit of 191081?
1
What is the tens digit of 379483?
8
What is the ten thousands digit of 142036?
4
What is the hundreds digit of 2215674?
6
What is the ten thousands digit of 913747?
1
What is the ten thousands digit of 9031105?
3
What is the hundreds digit of 9152657?
6
What is the thousands digit of 572254?
2
What is the hundreds digit of 119010?
0
What is the tens digit of 20629405?
0
What is the ten thousands digit of 207128?
0
What is the ten thousands digit of 257571?
5
What is the millions digit of 5767413?
5
What is the ten thousands digit of 2292339?
9
What is the millions digit of 31382884?
1
What is the ten thousands digit of 723513?
2
What is the ten thousands digit of 992012?
9
What is the hundreds digit of 1324223?
2
What is the ten thousands digit of 6723280?
2
What is the ten thousands digit of 216181?
1
What is the units digit of 285857?
7
What is the hundred thousands digit of 280284?
2
What is the hundreds digit of 132867?
8
What is the ten thousands digit of 231215?
3
What is the units digit of 94194?
4
What is the units digit of 93927?
7
What is the tens digit of 1556481?
8
What is the hundreds digit of 412734?
7
What is the thousands digit of 640620?
0
What is the units digit of 214414?
4
What is the millions digit of 10465491?
0
What is the hundred thousands digit of 12641719?
6
What is the hundred thousands digit of 2171697?
1
What is the ten thousands digit of 5790890?
9
What is the units digit of 3253291?
1
What is the millions digit of 2230384?
2
What is the hundreds digit of 717977?
9
What is the ten thousands digit of 2006772?
0
What is the units digit of 1445984?
4
What is the tens digit of 12752779?
7
What is the thousands digit of 124924?
4
What is the hundreds digit of 314212?
2
What is the hundreds digit of 2501895?
8
What is the thousands digit of 283589?
3
What is the hundred thousands digit of 1659594?
6
What is the thousands digit of 3464617?
4
What is the millions digit of 1019049?
1
What is the tens digit of 190953?
5
What is the hundreds digit of 92857?
8
What is the hundred thousands digit of 1129175?
1
What is the hundreds digit of 10869956?
9
What is the units digit of 117766?
6
What is the hundreds digit of 4940906?
9
What is the ten millions digit of 16628133?
1
What is the hundreds digit of 208918?
9
What is the thousands digit of 4737305?
7
What is the thousands digit of 3101610?
1
What is the tens digit of 268505?
0
What is the units digit of 155314?
4
What is the units digit of 153972?
2
What is the thousands digit of 8115716?
5
What is the units digit of 19189503?
3
What is the units digit of 6028208?
8
What is the ten thousands digit of 870874?
7
What is the tens digit of 13255574?
7
What is the thousands digit of 61533?
1
What is the ten thousands digit of 622383?
2
What is the units digit of 487237?
7
What is the hundred thousands digit of 807256?
8
What is the ten thousands digit of 3295344?
9
What is the ten thousands digit of 305452?
0
What is the ten millions digit of 24957794?
2
What is the hundred thousands digit of 3209093?
2
What is the thousands digit of 3502341?
2
What is the hundreds digit of 1049043?
0
What is the hundred thousands digit of 3106879?
1
What is the ten thousands digit of 22721345?
2
What is the hundreds digit of 332110?
1
What is the ten thousands digit of 10982833?
8
What is the hundreds digit of 992280?
2
What is the thousands digit of 275740?
5
What is the ten thousands digit of 122566?
2
What is the thousands digit of 93429?
3
What is the units digit of 16382509?
9
What is the units digit of 45903?
3
What is the hundred thousands digit of 1575205?
5
What is the ten thousands digit of 528049?
2
What is the ten thousands digit of 3842126?
4
What is the thousands digit of 189344?
9
What is the tens digit of 4222347?
4
What is the ten thousands digit of 13825229?
2
What is the thousands digit of 3529156?
9
What is the thousands digit of 94711?
4
What is the thousands digit of 614103?
4
What is the hundred thousands digit of 3295179?
2
What is the ten thousands digit of 2904949?
0
What is the thousands digit of 186928?
6
What is the units digit of 51433?
3
What is the ten thousands digit of 16891618?
9
What is the ten millions digit of 14183046?
1
What is the units digit of 465602?
2
What is the hundred thousands digit of 945444?
9
What is the units digit of 3633526?
6
What is the hundred thousands digit of 471520?
4
What is the hundreds digit of 2101469?
4
What is the thousands digit of 4355257?
5
What is the ten thousands digit of 2335233?
3
What is the ten thousands digit of 627284?
2
What is the hundred thousands digit of 6348213?
3
What is the hundreds digit of 8243763?
7
What is the ten millions digit of 10893341?
1
What is the tens digit of 97441?
4
What is the hundreds digit of 6681304?
3
What is the hundreds digit of 4771117?
1
What is the units digit of 536493?
3
What is the tens digit of 494700?
0
What is the hundreds digit of 184233?
2
What is the hundreds digit of 2991841?
8
What is the tens digit of 502258?
5
What is the ten thousands digit of 915150?
1
What is the thousands digit of 5557073?
7
What is the hundred thousands digit of 294991?
2
What is the ten thousands digit of 2250724?
5
What is the units digit of 5120162?
2
What is the thousands digit of 18084?
8
What is the thousands digit of 243348?
3
What is the thousands digit of 764568?
4
What is the ten thousands digit of 61380?
6
What is the thousands digit of 4772887?
2
What is the ten thousands digit of 845351?
4
What is the ten thousands digit of 273408?
7
What is the ten thousands digit of 575580?
7
What is the ten thousands digit of 861561?
6
What is the hundreds digit of 242887?
8
What is the ten thousands digit of 196880?
9
What is the hundred thousands digit of 557160?
5
What is the thousands digit of 2575830?
5
What is the tens digit of 11478414?
1
What is the millions digit of